**2 + 14*a + 3. What is the remainder when r(-6) is divided by o(7)?
1
Suppose -5*p = 5*p - 10. Let v(r) = r**3 + r**2 + r + 3. Let b be v(0). Suppose -b = -5*o + 2. What is the remainder when o is divided by p?
0
Let c be (-1)/2*714/(-3). What is the remainder when 45 is divided by 12/(-15) + c/5?
22
Let u = 0 + 5. Suppose -2*j - 5*t = -3*j + 5, u = j - 2*t. What is the remainder when 9 is divided by j?
4
Let u(x) be the third derivative of -x**4/12 + 5*x**3/6 + 5*x**2. Calculate the remainder when (3 + -2)/(1/9) is divided by u(0).
4
Suppose 3*z + 17 = 4*z. What is the remainder when 67 is divided by z?
16
Let q = 0 - 9. Let p = q + 17. What is the remainder when 31 is divided by p?
7
What is the remainder when 9 is divided by 6/(0 + -4*(-4)/8)?
0
Let p(i) = i**2 - i. Let o(s) = 5*s**2 + 10*s + 12. Let c(u) = o(u) - 3*p(u). Calculate the remainder when c(-9) is divided by 20.
17
Let q = 40 - 1. What is the remainder when q is divided by 14?
11
Let w(t) = -3*t - 6. Calculate the remainder when 28 is divided by w(-4).
4
Let g(c) = c**2 + 5*c. Let r be g(-5). Suppose j + p + 18 = 3*j, -5*j + 3*p + 46 = r. Calculate the remainder when 13 is divided by j.
5
Calculate the remainder when 17 is divided by (-143)/(-22) + (2/(-4))/1.
5
Suppose y = -5*h - 2*y + 57, h + 4*y = 25. Calculate the remainder when 35 is divided by h.
8
Let i(k) be the first derivative of 2*k**3/3 - k**2 + k - 2. Suppose 4*w = -0*w + 96. Calculate the remainder when w is divided by i(3).
11
Let o = 3 + -7. Let a(d) = -d**3 - 3*d**2 + 3*d + 6. What is the remainder when a(o) is divided by 6?
4
Let p = 19 - 9. What is the remainder when 26 is divided by p?
6
Let t(h) = 2*h**2. Let x be t(4). Let y = 45 - x. Calculate the remainder when 37 is divided by y.
11
Let a = 36 + -19. Calculate the remainder when 65 is divided by a.
14
Suppose -2*b - 4*m = 0, -m = -3*b - 2*m + 20. Suppose 2*i - 5*g - 22 = 0, -b = -2*g + 4*g. Calculate the remainder when i is divided by 1.
0
Suppose 5 = -4*x + 3*v, 3*x - 1 = -3*v - 31. Let h(p) = -p**3 - 4*p**2 + 2*p - 3. What is the remainder when 35 is divided by h(x)?
11
Suppose -7 = -3*f + 11. Calculate the remainder when 16 is divided by f.
4
Let p(w) = -w**3 + w**2 + 2. Let r(k) = k**3 - k**2. Let d(j) = -p(j) + r(j). Let l = 11 - -5. What is the remainder when l is divided by d(2)?
4
Suppose -2*y = -5*h - 90, 2*h - 12 = y - 58. Calculate the remainder when y is divided by 13.
11
Let d(j) = j**2 - 3*j + 3. Let f be d(3). Suppose 21 = f*k - 27. Suppose -3*g = -14 - 13. What is the remainder when k is divided by g?
7
Suppose d = -2*d. Suppose p + p - 4 = d. What is the remainder when 4 is divided by p?
0
Calculate the remainder when (-2 + 0)*13/(-2) is divided by 56/20*5/2.
6
Suppose -23 = -3*o - 8. Suppose -4*g + 303 = 5*a, 0 = -o*a - 5. What is the remainder when g is divided by 20?
17
What is the remainder when (-1)/5 + 116/5 is divided by 10?
3
What is the remainder when 91 is divided by 282/12 + 2/(-4)?
22
Let p = 81 - 45. Suppose -p = 2*l - 6*l. Calculate the remainder when 25 is divided by l.
7
Let h(j) = j**2 - 3*j + 2. Suppose 5*m - 40 = -2*s + 247, 283 = 5*m - 2*s. What is the remainder when m is divided by h(-3)?
17
Suppose 0 = -n + 4*n - 99. What is the remainder when 97 is divided by n?
31
Let m(y) = -2*y + 8. Calculate the remainder when 36 is divided by m(0).
4
Let j = -589 - -380. Let r = -147 - j. What is the remainder when r is divided by 21?
20
Suppose 0 = 3*z - 3*d - 12, -2*z - 5*d + 2 - 8 = 0. Let c(g) = 2*g**3 + 3*g**2 - 2*g - 1. Calculate the remainder when c(z) is divided by 12.
11
Suppose 0 = 3*f - 4*o - 57, -4*f - 3*o + 16 = -35. Suppose 120 = -6*q + q. Let j = -15 - q. Calculate the remainder when f is divided by j.
6
Suppose -5*m = 2*w + 56, -2*m - 5*w - 23 = -4*w. Let d = m + 17. Calculate the remainder when d is divided by (8/10)/(2/10).
3
Let b(i) = 6*i**2 + 7*i + 7. What is the remainder when 33 is divided by b(-2)?
16
Let g = 71 + -50. Calculate the remainder when 83 is divided by g.
20
Let d(h) = h**2 - 2*h + 1. Let t be d(5). Let f = t - 4. What is the remainder when f is divided by 7?
5
Let u = -52 + 73. Suppose -63 = -5*l - 4*g + 2*g, 5*l - 59 = -g. What is the remainder when u is divided by l?
10
Let s(b) = b**2 - 7*b + 3. Calculate the remainder when 65 is divided by s(8).
10
Let j be (-2)/7 - 23/(-7). Suppose 0 = j*y - 2*y - 13. What is the remainder when (-6)/(-10) + 756/15 is divided by y?
12
Let q be (-31)/2*-1*2. Suppose 3*j = 9, 2*j = 3*x + 3*j - 57. Let m = q - x. Calculate the remainder when 51 is divided by m.
12
Suppose -12 = 4*x - 48. Calculate the remainder when 15 is divided by x.
6
Let d(y) = 1 - 10*y - 4 + 2. What is the remainder when (-784)/(-30) + (-4)/30 is divided by d(-1)?
8
Let v(x) = -x**2 + 5*x + 5. Calculate the remainder when v(4) is divided by 3.
0
Let b(l) = l**3 + 7*l**2 + 4*l - 3. What is the remainder when 1/(-3) + (-158)/(-6) is divided by b(-6)?
8
Suppose -3*p + 4 + 35 = 0. What is the remainder when 16/20*19*5 is divided by p?
11
Let l(i) = i**2 + 8*i - 214. Calculate the remainder when l(13) is divided by (-2)/4 - (-63)/2.
28
Let r(n) = 4*n**2 + 3. What is the remainder when r(3) is divided by 10?
9
Let y be 2/5 + 36/(-15). Let f be ((-21)/(-2))/((-1)/y). Suppose 0 = -4*d + 3 + f. What is the remainder when 10 is divided by d?
4
Let m(i) = -i**3 + 6*i**2 + 7*i + 5. Calculate the remainder when 22 is divided by m(7).
2
What is the remainder when 83 is divided by 74/6 + (-207)/(-27) + -8?
11
Suppose 5*b - 4*o + 15 = 0, 4*b - o - 3*o + 16 = 0. Let u be b*(1 - -1) - -1. Suppose 3 + 3 = u*d. Calculate the remainder when 2 is divided by d.
0
Let z(p) = 2*p - 3. Calculate the remainder when z(6) is divided by (4/(-8))/(3/(-18)).
0
Let o = -45 - -63. Let v(m) = 10*m - 6. What is the remainder when v(4) is divided by o?
16
Suppose 3*a = -3*f + 9, -4*f + 5 = -4*a - 7. What is the remainder when (58/f)/(6/9) is divided by 8?
5
Suppose 3 = -4*c - 5. Calculate the remainder when 8 is divided by c/(-3) + 78/18.
3
Let a = -24 + 32. Calculate the remainder when 38 is divided by a.
6
Suppose -z - 102 = -4*z. Let s = -17 + z. What is the remainder when s is divided by 10?
7
Suppose 5*h - k - 10 = 3*k, -3*k = 0. Let v = 20 + h. Calculate the remainder when 87 is divided by v.
21
Suppose 0 = -3*q + 2*q - 5. Let z(i) = 2*i**2 + 7*i - 1. What is the remainder when z(-5) is divided by 10*2/q*-2?
6
Let y(n) = n + 1. Let f be y(0). Suppose 2*w = 3*d - f, -13 = d - 0*w - 4*w. Calculate the remainder when 44/10 + 4/(-10) is divided by d.
1
Suppose -2 = -g - 0*g. Let u(v) = 8 + v + 0*v**2 - 3*v**2 + g*v**2. Calculate the remainder when 22 is divided by u(0).
6
Let l = 28 - 12. Let a be (-19)/(-6) - (-2)/(-12). Suppose 4*q - a*b + 2*b = 245, q - 71 = -3*b. Calculate the remainder when q is divided by l.
14
Let j = 9 - 6. Suppose j*m = -m + 80. Let q = 25 + -14. Calculate the remainder when m is divided by q.
9
Let m(y) = y**3 - 8*y**2 + y + 1. Let g be m(8). Let i be (g/(-2))/((-2)/20). Let l = 66 - i. Calculate the remainder when 61 is divided by l.
19
Let m = 167 - 156. Calculate the remainder when 28 is divided by m.
6
Suppose -98 = -4*i + 70. Suppose 19 + 26 = 4*m - 5*k, k = 3*m - i. Calculate the remainder when 43 is divided by m.
13
Let o be 1022/6 + (-4)/(-6). Let a = -106 + o. Suppose 4*b - 56 - 32 = 0. Calculate the remainder when a is divided by b.
21
Suppose -84 - 24 = -4*l. Suppose -8*r - 40 = -12*r. Calculate the remainder when l is divided by r.
7
Let l(b) = -b**2 - 6*b + 9. Let p be l(-7). Let m be 4 - (3 - (p + 0)). Suppose f - 38 + 14 = -m*w, f = 0. What is the remainder when w is divided by 5?
3
Let m be 0 + (-1 + 3 - 1). Suppose m = 3*h + 2*p + 3*p, -3*h + 11 = -5*p. Suppose -h*x + 0*x + 2 = 0. What is the remainder when 2 is divided by x?
0
Let l = -6 + 4. Let f(j) = 1 + 11*j**3 - j**2 - 8*j**3 - 2 - 6*j**3. What is the remainder when 36 is divided by f(l)?
17
Let m be 4/(-6) - (-107)/3. Suppose -m = 4*i - 9*i. What is the remainder when (-1 + 2/8)*-16 is divided by i?
5
Suppose -2*p + 76 = 4*w, 2*w - 2*p = p + 54. What is the remainder when 54 is divided by w?
12
Let c = 199 + -102. What is the remainder when c is divided by 33?
31
Let i(z) = z + 36. Suppose 5*w - 240 = -0*w. Suppo